{"version":"1.0","provider_name":"MGGL","provider_url":"https:\/\/www.mggl.com.mx\/eng\/","author_name":"Steven","author_url":"https:\/\/www.mggl.com.mx\/eng\/author\/steven\/","title":"REFORMA CONSTITUCIONAL PARA LA REDUCCI\u00d3N DE LA JORNADA LABORAL A 40 HORAS - MGGL","type":"rich","width":600,"height":338,"html":"<blockquote class=\"wp-embedded-content\" data-secret=\"9JHKxqCtfm\"><a href=\"https:\/\/www.mggl.com.mx\/eng\/reduccion-de-la-jornada-laboral-2026\/\">CONSTITUTIONAL REFORM TO REDUCE THE WORKWEEK TO 40 HOURS<\/a><\/blockquote><iframe sandbox=\"allow-scripts\" security=\"restricted\" src=\"https:\/\/www.mggl.com.mx\/eng\/reduccion-de-la-jornada-laboral-2026\/embed\/#?secret=9JHKxqCtfm\" width=\"600\" height=\"338\" title=\"&#8220;REFORMA CONSTITUCIONAL PARA LA REDUCCI\u00d3N DE LA JORNADA LABORAL A 40 HORAS&#8221; &#8212; MGGL\" data-secret=\"9JHKxqCtfm\" frameborder=\"0\" marginwidth=\"0\" marginheight=\"0\" scrolling=\"no\" class=\"wp-embedded-content\"><\/iframe><script type=\"text\/javascript\">\n\/* <![CDATA[ *\/\n\/*! This file is auto-generated *\/\n!function(d,l){\"use strict\";l.querySelector&&d.addEventListener&&\"undefined\"!=typeof URL&&(d.wp=d.wp||{},d.wp.receiveEmbedMessage||(d.wp.receiveEmbedMessage=function(e){var t=e.data;if((t||t.secret||t.message||t.value)&&!\/[^a-zA-Z0-9]\/.test(t.secret)){for(var s,r,n,a=l.querySelectorAll('iframe[data-secret=\"'+t.secret+'\"]'),o=l.querySelectorAll('blockquote[data-secret=\"'+t.secret+'\"]'),c=new RegExp(\"^https?:$\",\"i\"),i=0;i<o.length;i++)o[i].style.display=\"none\";for(i=0;i<a.length;i++)s=a[i],e.source===s.contentWindow&&(s.removeAttribute(\"style\"),\"height\"===t.message?(1e3<(r=parseInt(t.value,10))?r=1e3:~~r<200&&(r=200),s.height=r):\"link\"===t.message&&(r=new URL(s.getAttribute(\"src\")),n=new URL(t.value),c.test(n.protocol))&&n.host===r.host&&l.activeElement===s&&(d.top.location.href=t.value))}},d.addEventListener(\"message\",d.wp.receiveEmbedMessage,!1),l.addEventListener(\"DOMContentLoaded\",function(){for(var e,t,s=l.querySelectorAll(\"iframe.wp-embedded-content\"),r=0;r<s.length;r++)(t=(e=s[r]).getAttribute(\"data-secret\"))||(t=Math.random().toString(36).substring(2,12),e.src+=\"#?secret=\"+t,e.setAttribute(\"data-secret\",t)),e.contentWindow.postMessage({message:\"ready\",secret:t},\"*\")},!1)))}(window,document);\n\/\/# sourceURL=https:\/\/www.mggl.com.mx\/wp-includes\/js\/wp-embed.min.js\n\/* ]]> *\/\n<\/script>","thumbnail_url":"https:\/\/www.mggl.com.mx\/wp-content\/uploads\/2026\/02\/MGGL_BannersBoletin_Feb26_web.png","thumbnail_width":900,"thumbnail_height":560,"description":"El Senado de la Rep\u00fablica public\u00f3, en la Gaceta Parlamentaria del 11 de febrero, el proyecto aprobado de reforma constitucional en materia de reducci\u00f3n de la jornada laboral. Este proyecto deriva de la iniciativa de reforma presentada por la Presidenta de la Rep\u00fablica el 3 de diciembre de 2025. Aunque se trata de un avance significativo, el texto final a\u00fan se encuentra pendiente de aprobaci\u00f3n por la C\u00e1mara de Diputados, por lo que su contenido podr\u00eda ser objeto de modificaciones durante el proceso legislativo."}

REFORMA CONSTITUCIONAL PARA LA REDUCCIÓN DE LA JORNADA LABORAL A 40 HORAS - MGGL

<blockquote class="wp-embedded-content" data-secret="9JHKxqCtfm"><a href="https://www.mggl.com.mx/eng/reduccion-de-la-jornada-laboral-2026/">CONSTITUTIONAL REFORM TO REDUCE THE WORKWEEK TO 40 HOURS</a></blockquote><iframe sandbox="allow-scripts" security="restricted" src="https://www.mggl.com.mx/eng/reduccion-de-la-jornada-laboral-2026/embed/#?secret=9JHKxqCtfm" width="600" height="338" title="&#8220;REFORMA CONSTITUCIONAL PARA LA REDUCCIÓN DE LA JORNADA LABORAL A 40 HORAS&#8221; &#8212; MGGL" data-secret="9JHKxqCtfm" frameborder="0" marginwidth="0" marginheight="0" scrolling="no" class="wp-embedded-content"></iframe><script type="text/javascript">
/* <![CDATA[ */
/*! This file is auto-generated */
!function(d,l){"use strict";l.querySelector&&d.addEventListener&&"undefined"!=typeof URL&&(d.wp=d.wp||{},d.wp.receiveEmbedMessage||(d.wp.receiveEmbedMessage=function(e){var t=e.data;if((t||t.secret||t.message||t.value)&&!/[^a-zA-Z0-9]/.test(t.secret)){for(var s,r,n,a=l.querySelectorAll('iframe[data-secret="'+t.secret+'"]'),o=l.querySelectorAll('blockquote[data-secret="'+t.secret+'"]'),c=new RegExp("^https?:$","i"),i=0;i<o.length;i++)o[i].style.display="none";for(i=0;i<a.length;i++)s=a[i],e.source===s.contentWindow&&(s.removeAttribute("style"),"height"===t.message?(1e3<(r=parseInt(t.value,10))?r=1e3:~~r<200&&(r=200),s.height=r):"link"===t.message&&(r=new URL(s.getAttribute("src")),n=new URL(t.value),c.test(n.protocol))&&n.host===r.host&&l.activeElement===s&&(d.top.location.href=t.value))}},d.addEventListener("message",d.wp.receiveEmbedMessage,!1),l.addEventListener("DOMContentLoaded",function(){for(var e,t,s=l.querySelectorAll("iframe.wp-embedded-content"),r=0;r<s.length;r++)(t=(e=s[r]).getAttribute("data-secret"))||(t=Math.random().toString(36).substring(2,12),e.src+="#?secret="+t,e.setAttribute("data-secret",t)),e.contentWindow.postMessage({message:"ready",secret:t},"*")},!1)))}(window,document);
//# sourceURL=https://www.mggl.com.mx/wp-includes/js/wp-embed.min.js
/* ]]> */
</script>

El Senado de la República publicó, en la Gaceta Parlamentaria del 11 de febrero, el proyecto aprobado de reforma constitucional en materia de reducción de la jornada laboral. Este proyecto deriva de la iniciativa de reforma presentada por la Presidenta de la República el 3 de diciembre de 2025. Aunque se trata de un avance significativo, el texto final aún se encuentra pendiente de aprobación por la Cámara de Diputados, por lo que su contenido podría ser objeto de modificaciones durante el proceso legislativo.
